 g + 14. What is the units digit of n?
0
Suppose -7 = o - 3*v - 36, o = -4*v + 1. Suppose o*b - 110 = 12*b. What is the tens digit of b?
2
Let d = 5344 - 3143. What is the units digit of d?
1
Suppose -14 + 4 = 5*d. Let f(r) = 48*r**2 + 2*r + 4. Let g be f(d). Suppose g = 9*i - 3*i. What is the units digit of i?
2
Let m = 35 + -31. Suppose -f + 244 = 3*f + 4*i, -m*i - 110 = -2*f. What is the tens digit of f?
5
Let b(v) = -v**3 + 13*v**2 - 7*v - 11. What is the units digit of b(9)?
0
Suppose 4*x = 5 + 7. Suppose -5*m + 8*m + x = 0. What is the tens digit of (m - -2)/((-2)/(-34))?
1
What is the units digit of 0 - (-208)/(-3)*-12?
2
Let j(g) = 3*g - g + 2*g + 277*g**2 + 4. What is the units digit of j(-1)?
7
Suppose 0 = 3*t, 0 = -3*d + 2*t - 6*t + 1206. What is the units digit of d?
2
Suppose -4*q = -4*l - 60, 0 = -2*l + 3*q + 2*q - 39. What is the tens digit of (318/l)/((-3)/6)?
5
Let i(x) = 2*x**2 - 65*x - 246. What is the tens digit of i(60)?
5
What is the hundreds digit of (446/(-5) - -2)/(26/(-65))?
2
Let c be (3 - 0)*(-20)/(-30). Suppose -5*p - 5*p = -6*p. Suppose 3*u + 5*b = 2*b + 15, p = 5*u + c*b - 34. What is the units digit of u?
8
Let o = 11 - 8. What is the units digit of (-580)/(-30)*o/2?
9
Let n = -156 + 241. Suppose -171 = -2*s + n. What is the units digit of s?
8
Suppose 0 = -b + 1, 23 = 5*o - 2*b - 0*b. Suppose -13*w - o = -14*w. Suppose 5*s = w*i + 310, -4*s - 4*i + 4 = -244. What is the units digit of s?
2
Let l = 50 - 51. What is the units digit of (l - 1) + 68 - -1?
7
Let x(m) = -27*m**3 - 6*m**2 - 11*m - 30. What is the thousands digit of x(-4)?
1
Let c be 1*(-4 + 5)/1. What is the tens digit of (-38 - 15)*c*-1?
5
Let p be ((-4)/(-8))/((-2)/(-336)). Suppose -8*h - p = -12*h. What is the tens digit of h?
2
Suppose -47*t + 3*t + 145816 = 0. What is the thousands digit of t?
3
Let s = 11 - 9. What is the tens digit of s + 71 + (0 - 4)?
6
Let i(j) = 2*j**2 - 2*j + 2. Let y be i(10). Suppose -7*d + 4*d = -12. Suppose 4*r + y = 5*f + 42, 112 = d*f + 4*r. What is the units digit of f?
8
Suppose -4 = -2*q - 0. Let n = -4 + q. What is the units digit of 2 + -3 + n + 5?
2
Let l be (-429)/(-22) - (-1)/(-2). Suppose i - l = -3*q, 0*q - 3*q = 3*i - 27. What is the units digit of q?
5
Suppose -4*g + 1155 = -u, g + u - 282 = -u. Suppose 0 = -4*x - 4*y + g, -4*x + 318 = -y - y. What is the tens digit of x?
7
Suppose 2*v = -3*v - 140. Let d be (0 - 7)*8/v. Suppose g + 4*b = -1 + 17, 0 = d*g - b - 32. What is the tens digit of g?
1
Suppose -q + 55 = 4*q. Suppose -q*j - 24 = -178. What is the units digit of j?
4
What is the hundreds digit of (-831520)/40*(-3)/12?
1
Suppose -5*r - 2*u + 789 = 0, 0*r - 2*r - 4*u + 322 = 0. What is the units digit of r?
7
Suppose -3*j + 80 = 2*j. Suppose -6*p = -j - 2. Suppose 5*o - b - 4*b = 130, p*b - 9 = 0. What is the units digit of o?
9
Suppose 5*n - 3 = 4*h - 3*h, -1 = -n. Suppose -t = h*t - 18. Let c(z) = z**3 - 4*z**2 - 7*z + 4. What is the tens digit of c(t)?
3
Let u(s) = s**2 - 15*s + 12. Let z be u(14). Let q = 15 + z. What is the tens digit of q?
1
Suppose 10*v = -30 - 0. What is the tens digit of (2 + v - -75)*1?
7
Let r be (3/(-2) + 2)*2. Suppose 3*b + 12 = -y - r, 3*y = -2*b - 18. What is the units digit of y/(-1)*12/6?
8
Let j = 3706 - 397. What is the hundreds digit of j?
3
Let z = -530 + 899. Let o = 630 - z. What is the tens digit of o?
6
Suppose -4*a - 10*m + 13*m + 5799 = 0, 0 = -5*a + 2*m + 7247. What is the tens digit of a?
4
Let b(o) be the second derivative of o**4/12 + o**3/2 + 8*o**2 + 11*o. Let i be b(-6). Suppose 30*w + 100 = i*w. What is the tens digit of w?
2
Let q(s) = 3*s**2 + 8*s. Let a be (-11)/4 - 24/(-32) - -7. What is the hundreds digit of q(a)?
1
Let b be (-704)/(-1) - (-11 - -9). Suppose 4*f = 3*q - 542, -8*q + 4*q + b = -2*f. What is the tens digit of q?
7
Let k(h) = h**3 + 26*h**2 - 10*h - 41. What is the tens digit of k(-26)?
1
Let f be (-1)/(-4) + (-2)/8. Suppose f*z + 3*z = 0. Suppose -5*y + 3*p + 161 = z, 0 = 3*y - 3*p - 36 - 57. What is the tens digit of y?
3
Let g = 4 - -1. Suppose 0 = -2*s - 4*w + 124, -5*s = g*w + 21 - 336. Let l = -41 + s. What is the tens digit of l?
2
Let k = 160 + -248. Let o = 20 - k. What is the units digit of o?
8
Suppose 3*j - 12 + 6 = 0. Suppose x - 3*x = -10. Suppose -120 = -5*w + 2*f, j*w - x*w = 2*f - 88. What is the tens digit of w?
2
Let n(w) = 178*w. Let h be n(1). Suppose 3*a = 5*k + 8 - h, 2*k = 4*a + 54. Let c = k + -9. What is the tens digit of c?
2
Suppose 7*x - 2*x - 25 = 0. Suppose 0 = 3*o - 6*m + m - 166, 3*m - 220 = -x*o. What is the tens digit of o?
4
Suppose 5*r - 1725 = 52*j - 57*j, 0 = 3*j - r - 1047. What is the hundreds digit of j?
3
Suppose 131 = b + 33. Let w = b + -55. What is the tens digit of w?
4
Let y(p) = -38*p - 723. What is the units digit of y(-74)?
9
Let p(a) = -658*a**3 + a**2 + 2*a + 2. What is the tens digit of p(-1)?
5
Let y = 2 + 251. Let p = 369 - y. What is the units digit of p?
6
Let l(w) = -w**3 + 14*w**2 - 11*w - 26. Let t be l(13). Suppose d - 6 = -d. Suppose -d*x + 51 = -t*x. What is the units digit of x?
7
Suppose -3*l = -4*y + 480, 0*l + 2*l = -2*y + 240. Suppose y = 7*q - 4*q. Suppose h = -m + 4*h + q, 0 = -m - 4*h + 54. What is the units digit of m?
6
Suppose 2*p - 329 - 217 = 0. What is the tens digit of p?
7
Let j be ((-2163)/7)/(9/12). Let z = j - -630. What is the units digit of z?
8
Let t(i) = -9*i + 81. What is the units digit of t(-14)?
7
Let h(m) = 2*m**2 + 4*m + 4. Let w(t) = t - 12. Let u be w(4). What is the tens digit of h(u)?
0
Let g be 3*3*(-2)/9. What is the tens digit of ((-8)/12)/(g/63)?
2
Suppose 376*y - 1362 = 375*y. What is the hundreds digit of y?
3
Let a(u) = 2*u**2 - 23*u - 16. Let j be a(13). Let t = 7 + -4. Suppose -t = 2*g - j. What is the units digit of g?
0
Let d(z) = -57*z - 116. What is the hundreds digit of d(-22)?
1
Let b = 506 + -456. What is the units digit of b?
0
Suppose 0 = -16*h + 20*h - 1956. What is the hundreds digit of h?
4
What is the tens digit of 18/(-9)*(-360 + 2 + -4)?
2
Suppose -55*t = -33*t - 27346. What is the thousands digit of t?
1
Let m(l) = 6*l - 15. Let a be m(6). Let u = 43 - a. What is the units digit of u?
2
Let t = 534 + -148. Suppose -9*p - t = -1466. What is the tens digit of p?
2
Let z be (-6)/(-10)*5 - 9. What is the units digit of (-4 + z)*-3 + -3?
7
Suppose -5*j + 475 = 5*d, -d - 2*d = -j - 301. Suppose -d = 7*q - 659. What is the units digit of q?
0
Let o = 1180 + -447. Suppose 5*a - o = -4*l, -3*a + 3*l = -0*l - 429. What is the units digit of a?
5
Let c(r) = -2 + 0 + 2 + 91*r**2. Let x be c(-1). Suppose -p = -t + 24, t + p = -3*t + x. What is the tens digit of t?
2
Let y = 1935 - 587. What is the tens digit of y?
4
Let n(i) = i - 6. Let x be n(8). Suppose -x*c - 2 = -c. What is the units digit of c - (18 + 3)/(-3)?
5
Let o(m) = -m**3 - 12*m**2 - 15*m - 11. Let k be o(-11). Let w = 90 - k. What is the tens digit of w?
5
Let c = 3 + -1. Suppose 3*j - 9 = m, 2*j + m - 7 = c*m. What is the tens digit of 23*(j + (3 - 4))?
2
Suppose 16*z - 10*z = 1830. What is the tens digit of z?
0
Let a = 26 + 395. What is the hundreds digit of a?
4
Let h(l) = l + 2. Let t be h(4). Suppose 3*r = t*r - 60. Let o = r + -10. What is the tens digit of o?
1
Suppose -3 - 3 = r. Let q = r - -16. What is the units digit of -2*(-3 - -1 - q)?
4
Suppose k + l = 2*l + 2, 3*k - 5*l - 4 = 0. Suppose 4*i + 72 = -g + k*g, -5*g + 169 = i. What is the units digit of g?
4
Suppose 5*z + p - 2270 = 0, -p = -z + 2*z - 458. Suppose -5*d = -2*d - z. Suppose f + 4*f + 2*a = d, -2*f - 2*a = -64. What is the units digit of f?
9
Suppose -g + 6*g = 4*h - 7, -g - 2 = -h. Suppose -143 = 5*s + 4*x - 868, -h*s - 4*x + 443 = 0. What is the units digit of s?
1
Let q(x) be the third derivative of x**7/420 - x**6/360 + x**5/30 + 5*x**2. Let f(m) be the third derivative of q(m). What is the units digit of f(3)?
4
Let h(z) = 2790*z**2 - 87*z + 88. What is the hundreds digit of h(1)?
7
Let i = -13 + 12. Let f(t) = 3 + t - 2 - 1 + 35*t**2. What is the units digit of f(i)?
4
Let v(q) = q**3 - 7*q**2 - 7*q - 6. Let o be v(8). Let k(p) = -152*p**o + 149*p**2 - 3 + 0 + 2*p + 3*p**3. What is the units digit of k(2)?
3
Let m(g) = -11*g + 2. Let h(n) = -n + 1. Let u(d) = -3*h(d) + m(d).